53 and 11.
11
Calculate the greatest common divisor of 11 and 3113.
11
Calculate the greatest common factor of 2530 and 1840.
230
Calculate the greatest common factor of 128 and 7616.
64
Calculate the greatest common factor of 190 and 100.
10
Calculate the greatest common factor of 18 and 963.
9
Calculate the highest common divisor of 28 and 5838.
14
Calculate the highest common divisor of 238 and 2114.
14
What is the highest common factor of 134 and 1072?
134
What is the greatest common divisor of 32584 and 8?
8
Calculate the highest common factor of 27 and 135.
27
What is the greatest common divisor of 144 and 1476?
36
What is the highest common factor of 18072 and 96?
24
Calculate the highest common divisor of 402 and 6.
6
Calculate the highest common factor of 168 and 24.
24
Calculate the highest common factor of 7968 and 72.
24
Calculate the greatest common factor of 1376 and 256.
32
Calculate the highest common factor of 8628 and 24.
12
What is the highest common factor of 5040 and 42?
42
What is the highest common divisor of 23 and 4?
1
Calculate the highest common factor of 80 and 120.
40
What is the highest common factor of 1600 and 1550?
50
Calculate the greatest common divisor of 117 and 546.
39
Calculate the highest common divisor of 1920 and 120.
120
Calculate the highest common divisor of 40 and 585.
5
Calculate the greatest common factor of 55 and 8305.
55
Calculate the highest common factor of 438 and 1606.
146
What is the greatest common factor of 1395 and 45?
45
Calculate the highest common divisor of 360 and 99.
9
Calculate the highest common divisor of 546 and 2002.
182
What is the highest common divisor of 16722 and 36?
18
What is the greatest common factor of 484 and 264?
44
Calculate the greatest common factor of 4 and 6364.
4
Calculate the highest common divisor of 212 and 4.
4
What is the highest common divisor of 25 and 115?
5
What is the highest common divisor of 848 and 16?
16
Calculate the greatest common factor of 28647 and 81.
27
Calculate the highest common divisor of 2208 and 46.
46
What is the greatest common divisor of 32 and 2592?
32
Calculate the highest common divisor of 32 and 5888.
32
Calculate the greatest common divisor of 368 and 460.
92
Calculate the highest common divisor of 588 and 924.
84
Calculate the highest common factor of 222 and 25308.
222
Calculate the highest common factor of 1519 and 49.
49
Calculate the highest common factor of 15 and 1245.
15
What is the greatest common factor of 7 and 553?
7
What is the highest common factor of 8366 and 282?
94
What is the highest common factor of 1674 and 108?
54
What is the highest common divisor of 1264 and 80?
16
Calculate the greatest common divisor of 38 and 95.
19
What is the highest common divisor of 784 and 7?
7
Calculate the highest common divisor of 476 and 3927.
119
What is the highest common divisor of 387 and 43?
43
What is the highest common divisor of 10 and 34330?
10
What is the greatest common factor of 7 and 875?
7
What is the highest common factor of 120 and 2265?
15
Calculate the greatest common factor of 7 and 61.
1
What is the greatest common divisor of 16 and 2632?
8
What is the highest common divisor of 6 and 174?
6
What is the greatest common factor of 29 and 261?
29
What is the greatest common divisor of 27 and 378?
27
Calculate the greatest common divisor of 4239 and 216.
27
What is the greatest common factor of 1012 and 220?
44
What is the highest common divisor of 1443 and 1716?
39
Calculate the greatest common factor of 98 and 14.
14
What is the highest common divisor of 2500 and 450?
50
Calculate the greatest common factor of 243 and 54.
27
What is the highest common divisor of 64 and 5216?
32
Calculate the greatest common divisor of 24 and 760.
8
Calculate the highest common factor of 77 and 693.
77
What is the highest common factor of 88 and 561?
11
What is the highest common factor of 168 and 210?
42
What is the highest common divisor of 80 and 30928?
16
What is the highest common divisor of 40 and 380?
20
Calculate the greatest common divisor of 4324 and 235.
47
Calculate the highest common divisor of 4689 and 15.
3
What is the highest common factor of 501 and 3?
3
Calculate the highest common divisor of 5019 and 42.
21
Calculate the greatest common factor of 16058 and 434.
434
Calculate the highest common factor of 2997 and 81.
81
What is the greatest common factor of 26 and 6448?
26
What is the highest common divisor of 931 and 209?
19
Calculate the highest common factor of 135 and 2040.
15
What is the greatest common factor of 2924 and 340?
68
Calculate the greatest common divisor of 73 and 1825.
73
What is the greatest common divisor of 1809 and 134?
67
What is the highest common factor of 60 and 75?
15
What is the highest common factor of 138 and 437?
23
Calculate the highest common divisor of 775 and 3255.
155
Calculate the greatest common divisor of 3 and 6132.
3
What is the greatest common divisor of 29 and 9541?
29
Calculate the greatest common factor of 3111 and 1173.
51
Calculate the greatest common divisor of 112 and 9366.
14
What is the greatest common divisor of 160 and 20?
20
Calculate the greatest common divisor of 69 and 9.
3
Calculate the highest common divisor of 86 and 86.
86
What is the greatest common factor of 1775 and 142?
71
Calculate the highest common factor of 946 and 88.
22
Calculate the highest common factor of 234 and 162.
18
What is the greatest common factor of 357 and 14025?
51
Calculate the highest common divisor of 7267 and 129.
43
What is the greatest common factor of 12 and 2796?
12
Calculate the greatest common factor of 45 and 480.
15
Calculate the greatest common factor of 42 and 238.
14
Calculate the greatest common factor of 960 and 1536.
192
What is the greatest common factor of 18 and 765?
9
What is the greatest common factor of 41196 and 36?
12
Calculate the greatest common factor of 261 and 6177.
87
Calculate the greatest common factor of 6627 and 3.
3
Calculate the highest common factor of 248 and 1891.
31
What is the highest common divisor of 2392 and 4048?
184
Calculate the greatest common divisor of 388 and 8.
4
What is the highest common factor of 2422 and 56?
14
Calculate the greatest common divisor of 210 and 7890.
30
What is the highest common factor of 69 and 138?
69
Calculate the greatest common divisor of 41920 and 32.
32
What is the highest common divisor of 63 and 18?
9
Calculate the greatest common divisor of 8 and 72.
8
What is the highest common factor of 426 and 13774?
142
What is the highest common factor of 2125 and 51?
17
What is the highest common factor of 105 and 1855?
35
What is the highest common divisor of 1 and 5?
1
Calculate the highest common factor of 1240 and 40.
40
Calculate the greatest common factor of 12 and 36.
12
What is the highest common divisor of 713 and 2108?
31
What is the highest common factor of 38 and 247?
19
What is the greatest common divisor of 1395 and 31?
31
Calculate the highest common divisor of 124 and 39804.
124
Calculate the greatest common divisor of 90 and 990.
90
Calculate the highest common factor of 2643 and 3.
3
What is the greatest common factor of 19728 and 144?
144
Calculate the greatest common divisor of 2175 and 261.
87
What is the highest common divisor of 186 and 6?
6
What is the greatest common factor of 215 and 2623?
43
What is the greatest common factor of 10 and 310?
10
What is the highest common factor of 24 and 26844?
12
Calculate the highest common divisor of 135 and 9.
9
Calculate the greatest common divisor of 448 and 280.
56
Calculate the highest common factor of 4 and 244.
4
What is the greatest common divisor of 618 and 6?
6
What is the greatest common divisor of 45177 and 33?
33
What is the greatest common factor of 1003 and 34?
17
Calculate the greatest common divisor of 14 and 714.
14
What is the highest common factor of 32 and 20384?
32
What is the highest common divisor of 7836 and 12?
12
Calculate the greatest common divisor of 255 and 120.
15
What is the greatest common divisor of 174 and 3306?
174
What is the greatest common factor of 4 and 68?
4
What is the highest common divisor of 224 and 16?
16
What is the highest common divisor of 88 and 664?
8
Calculate the greatest common